{"id":1587,"date":"2018-10-18T11:02:44","date_gmt":"2018-10-18T10:02:44","guid":{"rendered":"https:\/\/sortzen.org\/wp-content\/uploads\/2018\/10\/b.-Co\u0301mic-Quedamos-esta-noche.pdf"},"modified":"2018-10-18T11:02:44","modified_gmt":"2018-10-18T10:02:44","slug":"b-comic-quedamos-esta-noche","status":"inherit","type":"attachment","link":"https:\/\/sortzen.org\/eu\/quedamos-esta-noche\/b-comic-quedamos-esta-noche\/","title":{"rendered":"b. Co\u0301mic Quedamos esta noche"},"author":4,"featured_media":0,"comment_status":"closed","ping_status":"closed","template":"","meta":[],"class_list":["post-1587","attachment","type-attachment","status-inherit","hentry"],"yoast_head":"<!-- This site is optimized with the Yoast SEO plugin v27.5 - https:\/\/yoast.com\/product\/yoast-seo-wordpress\/ -->\n<title>b. Co\u0301mic Quedamos esta noche - Sortzen<\/title>\n<meta name=\"robots\" content=\"index, follow, max-snippet:-1, max-image-preview:large, max-video-preview:-1\" \/>\n<link rel=\"canonical\" href=\"https:\/\/sortzen.org\/wp-content\/uploads\/2018\/10\/b.-Co\u0301mic-Quedamos-esta-noche.pdf\" \/>\n<meta property=\"og:locale\" content=\"en_US\" \/>\n<meta property=\"og:type\" content=\"article\" \/>\n<meta property=\"og:title\" content=\"b. Co\u0301mic Quedamos esta noche - Sortzen\" \/>\n<meta property=\"og:url\" content=\"https:\/\/sortzen.org\/wp-content\/uploads\/2018\/10\/b.-Co\u0301mic-Quedamos-esta-noche.pdf\" \/>\n<meta property=\"og:site_name\" content=\"Sortzen\" \/>\n<script type=\"application\/ld+json\" class=\"yoast-schema-graph\">{\"@context\":\"https:\\\/\\\/schema.org\",\"@graph\":[{\"@type\":\"WebPage\",\"@id\":\"https:\\\/\\\/sortzen.org\\\/wp-content\\\/uploads\\\/2018\\\/10\\\/b.-Co\u0301mic-Quedamos-esta-noche.pdf\",\"url\":\"https:\\\/\\\/sortzen.org\\\/wp-content\\\/uploads\\\/2018\\\/10\\\/b.-Co\u0301mic-Quedamos-esta-noche.pdf\",\"name\":\"b. Co\u0301mic Quedamos esta noche - Sortzen\",\"isPartOf\":{\"@id\":\"https:\\\/\\\/sortzen.org\\\/#website\"},\"datePublished\":\"2018-10-18T10:02:44+00:00\",\"breadcrumb\":{\"@id\":\"https:\\\/\\\/sortzen.org\\\/wp-content\\\/uploads\\\/2018\\\/10\\\/b.-Co\u0301mic-Quedamos-esta-noche.pdf#breadcrumb\"},\"inLanguage\":\"eu\",\"potentialAction\":[{\"@type\":\"ReadAction\",\"target\":[\"https:\\\/\\\/sortzen.org\\\/wp-content\\\/uploads\\\/2018\\\/10\\\/b.-Co\u0301mic-Quedamos-esta-noche.pdf\"]}]},{\"@type\":\"BreadcrumbList\",\"@id\":\"https:\\\/\\\/sortzen.org\\\/wp-content\\\/uploads\\\/2018\\\/10\\\/b.-Co\u0301mic-Quedamos-esta-noche.pdf#breadcrumb\",\"itemListElement\":[{\"@type\":\"ListItem\",\"position\":1,\"name\":\"Home\",\"item\":\"https:\\\/\\\/sortzen.org\\\/\"},{\"@type\":\"ListItem\",\"position\":2,\"name\":\"\u00bfQuedamos esta noche?\",\"item\":\"https:\\\/\\\/sortzen.org\\\/quedamos-esta-noche\\\/\"},{\"@type\":\"ListItem\",\"position\":3,\"name\":\"b. Co\u0301mic Quedamos esta noche\"}]},{\"@type\":\"WebSite\",\"@id\":\"https:\\\/\\\/sortzen.org\\\/#website\",\"url\":\"https:\\\/\\\/sortzen.org\\\/\",\"name\":\"Sortzen\",\"description\":\"Consultor\u00eda especializada en la prevenci\u00f3n y atenci\u00f3n de la violencia machista y los procesos de empoderamiento de las mujeres\",\"potentialAction\":[{\"@type\":\"SearchAction\",\"target\":{\"@type\":\"EntryPoint\",\"urlTemplate\":\"https:\\\/\\\/sortzen.org\\\/?s={search_term_string}\"},\"query-input\":{\"@type\":\"PropertyValueSpecification\",\"valueRequired\":true,\"valueName\":\"search_term_string\"}}],\"inLanguage\":\"eu\"}]}<\/script>\n<!-- \/ Yoast SEO plugin. -->","yoast_head_json":{"title":"b. Co\u0301mic Quedamos esta noche - Sortzen","robots":{"index":"index","follow":"follow","max-snippet":"max-snippet:-1","max-image-preview":"max-image-preview:large","max-video-preview":"max-video-preview:-1"},"canonical":"https:\/\/sortzen.org\/wp-content\/uploads\/2018\/10\/b.-Co\u0301mic-Quedamos-esta-noche.pdf","og_locale":"en_US","og_type":"article","og_title":"b. Co\u0301mic Quedamos esta noche - Sortzen","og_url":"https:\/\/sortzen.org\/wp-content\/uploads\/2018\/10\/b.-Co\u0301mic-Quedamos-esta-noche.pdf","og_site_name":"Sortzen","schema":{"@context":"https:\/\/schema.org","@graph":[{"@type":"WebPage","@id":"https:\/\/sortzen.org\/wp-content\/uploads\/2018\/10\/b.-Co\u0301mic-Quedamos-esta-noche.pdf","url":"https:\/\/sortzen.org\/wp-content\/uploads\/2018\/10\/b.-Co\u0301mic-Quedamos-esta-noche.pdf","name":"b. Co\u0301mic Quedamos esta noche - Sortzen","isPartOf":{"@id":"https:\/\/sortzen.org\/#website"},"datePublished":"2018-10-18T10:02:44+00:00","breadcrumb":{"@id":"https:\/\/sortzen.org\/wp-content\/uploads\/2018\/10\/b.-Co\u0301mic-Quedamos-esta-noche.pdf#breadcrumb"},"inLanguage":"eu","potentialAction":[{"@type":"ReadAction","target":["https:\/\/sortzen.org\/wp-content\/uploads\/2018\/10\/b.-Co\u0301mic-Quedamos-esta-noche.pdf"]}]},{"@type":"BreadcrumbList","@id":"https:\/\/sortzen.org\/wp-content\/uploads\/2018\/10\/b.-Co\u0301mic-Quedamos-esta-noche.pdf#breadcrumb","itemListElement":[{"@type":"ListItem","position":1,"name":"Home","item":"https:\/\/sortzen.org\/"},{"@type":"ListItem","position":2,"name":"\u00bfQuedamos esta noche?","item":"https:\/\/sortzen.org\/quedamos-esta-noche\/"},{"@type":"ListItem","position":3,"name":"b. Co\u0301mic Quedamos esta noche"}]},{"@type":"WebSite","@id":"https:\/\/sortzen.org\/#website","url":"https:\/\/sortzen.org\/","name":"Sortzen","description":"Consultor\u00eda especializada en la prevenci\u00f3n y atenci\u00f3n de la violencia machista y los procesos de empoderamiento de las mujeres","potentialAction":[{"@type":"SearchAction","target":{"@type":"EntryPoint","urlTemplate":"https:\/\/sortzen.org\/?s={search_term_string}"},"query-input":{"@type":"PropertyValueSpecification","valueRequired":true,"valueName":"search_term_string"}}],"inLanguage":"eu"}]}},"description":{"rendered":"<p class=\"attachment\"><a href='https:\/\/sortzen.org\/wp-content\/uploads\/2018\/10\/b.-Co\u0301mic-Quedamos-esta-noche.pdf'><img fetchpriority=\"high\" decoding=\"async\" width=\"213\" height=\"300\" src=\"https:\/\/sortzen.org\/wp-content\/uploads\/2018\/10\/b.-Co\u0301mic-Quedamos-esta-noche-pdf-213x300.jpg\" class=\"attachment-medium size-medium\" alt=\"\" \/><\/a><\/p>\n"},"caption":{"rendered":""},"alt_text":"","media_type":"file","mime_type":"application\/pdf","media_details":{"sizes":{"thumbnail":{"file":"b.-Co\u0301mic-Quedamos-esta-noche-pdf-106x150.jpg","width":106,"height":150,"mime_type":"image\/jpeg","source_url":"https:\/\/sortzen.org\/wp-content\/uploads\/2018\/10\/b.-Co\u0301mic-Quedamos-esta-noche-pdf-106x150.jpg"},"medium":{"file":"b.-Co\u0301mic-Quedamos-esta-noche-pdf-213x300.jpg","width":213,"height":300,"mime_type":"image\/jpeg","source_url":"https:\/\/sortzen.org\/wp-content\/uploads\/2018\/10\/b.-Co\u0301mic-Quedamos-esta-noche-pdf-213x300.jpg"},"large":{"file":"b.-Co\u0301mic-Quedamos-esta-noche-pdf-726x1024.jpg","width":726,"height":1024,"mime_type":"image\/jpeg","source_url":"https:\/\/sortzen.org\/wp-content\/uploads\/2018\/10\/b.-Co\u0301mic-Quedamos-esta-noche-pdf-726x1024.jpg"},"full":{"file":"b.-Co\u0301mic-Quedamos-esta-noche-pdf.jpg","width":857,"height":1209,"mime_type":"application\/pdf","source_url":"https:\/\/sortzen.org\/wp-content\/uploads\/2018\/10\/b.-Co\u0301mic-Quedamos-esta-noche-pdf.jpg"}}},"post":1239,"source_url":"https:\/\/sortzen.org\/wp-content\/uploads\/2018\/10\/b.-Co\u0301mic-Quedamos-esta-noche.pdf","_links":{"self":[{"href":"https:\/\/sortzen.org\/eu\/wp-json\/wp\/v2\/media\/1587","targetHints":{"allow":["GET"]}}],"collection":[{"href":"https:\/\/sortzen.org\/eu\/wp-json\/wp\/v2\/media"}],"about":[{"href":"https:\/\/sortzen.org\/eu\/wp-json\/wp\/v2\/types\/attachment"}],"author":[{"embeddable":true,"href":"https:\/\/sortzen.org\/eu\/wp-json\/wp\/v2\/users\/4"}],"replies":[{"embeddable":true,"href":"https:\/\/sortzen.org\/eu\/wp-json\/wp\/v2\/comments?post=1587"}]}}

<!-- This site is optimized with the Yoast SEO plugin v27.5 - https://yoast.com/product/yoast-seo-wordpress/ -->
<title>b. Cómic Quedamos esta noche - Sortzen</title>
<meta name="robots" content="index, follow, max-snippet:-1, max-image-preview:large, max-video-preview:-1" />
<link rel="canonical" href="https://sortzen.org/wp-content/uploads/2018/10/b.-Cómic-Quedamos-esta-noche.pdf" />
<meta property="og:locale" content="en_US" />
<meta property="og:type" content="article" />
<meta property="og:title" content="b. Cómic Quedamos esta noche - Sortzen" />
<meta property="og:url" content="https://sortzen.org/wp-content/uploads/2018/10/b.-Cómic-Quedamos-esta-noche.pdf" />
<meta property="og:site_name" content="Sortzen" />
<script type="application/ld+json" class="yoast-schema-graph">{"@context":"https:\/\/schema.org","@graph":[{"@type":"WebPage","@id":"https:\/\/sortzen.org\/wp-content\/uploads\/2018\/10\/b.-Cómic-Quedamos-esta-noche.pdf","url":"https:\/\/sortzen.org\/wp-content\/uploads\/2018\/10\/b.-Cómic-Quedamos-esta-noche.pdf","name":"b. Cómic Quedamos esta noche - Sortzen","isPartOf":{"@id":"https:\/\/sortzen.org\/#website"},"datePublished":"2018-10-18T10:02:44+00:00","breadcrumb":{"@id":"https:\/\/sortzen.org\/wp-content\/uploads\/2018\/10\/b.-Cómic-Quedamos-esta-noche.pdf#breadcrumb"},"inLanguage":"eu","potentialAction":[{"@type":"ReadAction","target":["https:\/\/sortzen.org\/wp-content\/uploads\/2018\/10\/b.-Cómic-Quedamos-esta-noche.pdf"]}]},{"@type":"BreadcrumbList","@id":"https:\/\/sortzen.org\/wp-content\/uploads\/2018\/10\/b.-Cómic-Quedamos-esta-noche.pdf#breadcrumb","itemListElement":[{"@type":"ListItem","position":1,"name":"Home","item":"https:\/\/sortzen.org\/"},{"@type":"ListItem","position":2,"name":"¿Quedamos esta noche?","item":"https:\/\/sortzen.org\/quedamos-esta-noche\/"},{"@type":"ListItem","position":3,"name":"b. Cómic Quedamos esta noche"}]},{"@type":"WebSite","@id":"https:\/\/sortzen.org\/#website","url":"https:\/\/sortzen.org\/","name":"Sortzen","description":"Consultoría especializada en la prevención y atención de la violencia machista y los procesos de empoderamiento de las mujeres","potentialAction":[{"@type":"SearchAction","target":{"@type":"EntryPoint","urlTemplate":"https:\/\/sortzen.org\/?s={search_term_string}"},"query-input":{"@type":"PropertyValueSpecification","valueRequired":true,"valueName":"search_term_string"}}],"inLanguage":"eu"}]}</script>
<!-- / Yoast SEO plugin. -->

Consultoría especializada en la prevención y atención de la violencia machista y los procesos de empoderamiento de las mujeres
