{"id":2025,"date":"2018-11-17T17:14:05","date_gmt":"2018-11-17T16:14:05","guid":{"rendered":"https:\/\/sortzen.org\/wp-content\/uploads\/2018\/11\/Screen-Shot-2018-11-17-at-17.12.12.png"},"modified":"2018-11-17T17:14:05","modified_gmt":"2018-11-17T16:14:05","slug":"screen-shot-2018-11-17-at-17-12-12","status":"inherit","type":"attachment","link":"https:\/\/sortzen.org\/eu\/el-hijo-mayor-de-juana-rivas-relata-ante-el-juez-italiano-episodios-de-malos-tratos\/screen-shot-2018-11-17-at-17-12-12\/","title":{"rendered":"Screen Shot 2018-11-17 at 17.12.12"},"author":4,"featured_media":0,"comment_status":"closed","ping_status":"closed","template":"","meta":[],"class_list":["post-2025","attachment","type-attachment","status-inherit","hentry"],"yoast_head":"<!-- This site is optimized with the Yoast SEO plugin v27.5 - https:\/\/yoast.com\/product\/yoast-seo-wordpress\/ -->\n<title>Screen Shot 2018-11-17 at 17.12.12 - Sortzen<\/title>\n<meta name=\"robots\" content=\"index, follow, max-snippet:-1, max-image-preview:large, max-video-preview:-1\" \/>\n<link rel=\"canonical\" href=\"https:\/\/sortzen.org\/wp-content\/uploads\/2018\/11\/Screen-Shot-2018-11-17-at-17.12.12.png\" \/>\n<meta property=\"og:locale\" content=\"en_US\" \/>\n<meta property=\"og:type\" content=\"article\" \/>\n<meta property=\"og:title\" content=\"Screen Shot 2018-11-17 at 17.12.12 - Sortzen\" \/>\n<meta property=\"og:url\" content=\"https:\/\/sortzen.org\/wp-content\/uploads\/2018\/11\/Screen-Shot-2018-11-17-at-17.12.12.png\" \/>\n<meta property=\"og:site_name\" content=\"Sortzen\" \/>\n<meta property=\"og:image\" content=\"https:\/\/sortzen.org\/wp-content\/uploads\/2018\/11\/Screen-Shot-2018-11-17-at-17.12.12.png\" \/>\n\t<meta property=\"og:image:width\" content=\"663\" \/>\n\t<meta property=\"og:image:height\" content=\"362\" \/>\n\t<meta property=\"og:image:type\" content=\"image\/png\" \/>\n<script type=\"application\/ld+json\" class=\"yoast-schema-graph\">{\"@context\":\"https:\\\/\\\/schema.org\",\"@graph\":[{\"@type\":\"WebPage\",\"@id\":\"https:\\\/\\\/sortzen.org\\\/wp-content\\\/uploads\\\/2018\\\/11\\\/Screen-Shot-2018-11-17-at-17.12.12.png\",\"url\":\"https:\\\/\\\/sortzen.org\\\/wp-content\\\/uploads\\\/2018\\\/11\\\/Screen-Shot-2018-11-17-at-17.12.12.png\",\"name\":\"Screen Shot 2018-11-17 at 17.12.12 - Sortzen\",\"isPartOf\":{\"@id\":\"https:\\\/\\\/sortzen.org\\\/#website\"},\"datePublished\":\"2018-11-17T16:14:05+00:00\",\"breadcrumb\":{\"@id\":\"https:\\\/\\\/sortzen.org\\\/wp-content\\\/uploads\\\/2018\\\/11\\\/Screen-Shot-2018-11-17-at-17.12.12.png#breadcrumb\"},\"inLanguage\":\"eu\",\"potentialAction\":[{\"@type\":\"ReadAction\",\"target\":[\"https:\\\/\\\/sortzen.org\\\/wp-content\\\/uploads\\\/2018\\\/11\\\/Screen-Shot-2018-11-17-at-17.12.12.png\"]}]},{\"@type\":\"BreadcrumbList\",\"@id\":\"https:\\\/\\\/sortzen.org\\\/wp-content\\\/uploads\\\/2018\\\/11\\\/Screen-Shot-2018-11-17-at-17.12.12.png#breadcrumb\",\"itemListElement\":[{\"@type\":\"ListItem\",\"position\":1,\"name\":\"Home\",\"item\":\"https:\\\/\\\/sortzen.org\\\/\"},{\"@type\":\"ListItem\",\"position\":2,\"name\":\"El hijo mayor de Juana Rivas relata ante el juez italiano episodios de malos tratos\",\"item\":\"https:\\\/\\\/sortzen.org\\\/el-hijo-mayor-de-juana-rivas-relata-ante-el-juez-italiano-episodios-de-malos-tratos\\\/\"},{\"@type\":\"ListItem\",\"position\":3,\"name\":\"Screen Shot 2018-11-17 at 17.12.12\"}]},{\"@type\":\"WebSite\",\"@id\":\"https:\\\/\\\/sortzen.org\\\/#website\",\"url\":\"https:\\\/\\\/sortzen.org\\\/\",\"name\":\"Sortzen\",\"description\":\"Consultor\u00eda especializada en la prevenci\u00f3n y atenci\u00f3n de la violencia machista y los procesos de empoderamiento de las mujeres\",\"potentialAction\":[{\"@type\":\"SearchAction\",\"target\":{\"@type\":\"EntryPoint\",\"urlTemplate\":\"https:\\\/\\\/sortzen.org\\\/?s={search_term_string}\"},\"query-input\":{\"@type\":\"PropertyValueSpecification\",\"valueRequired\":true,\"valueName\":\"search_term_string\"}}],\"inLanguage\":\"eu\"}]}<\/script>\n<!-- \/ Yoast SEO plugin. -->","yoast_head_json":{"title":"Screen Shot 2018-11-17 at 17.12.12 - Sortzen","robots":{"index":"index","follow":"follow","max-snippet":"max-snippet:-1","max-image-preview":"max-image-preview:large","max-video-preview":"max-video-preview:-1"},"canonical":"https:\/\/sortzen.org\/wp-content\/uploads\/2018\/11\/Screen-Shot-2018-11-17-at-17.12.12.png","og_locale":"en_US","og_type":"article","og_title":"Screen Shot 2018-11-17 at 17.12.12 - Sortzen","og_url":"https:\/\/sortzen.org\/wp-content\/uploads\/2018\/11\/Screen-Shot-2018-11-17-at-17.12.12.png","og_site_name":"Sortzen","og_image":[{"width":663,"height":362,"url":"https:\/\/sortzen.org\/wp-content\/uploads\/2018\/11\/Screen-Shot-2018-11-17-at-17.12.12.png","type":"image\/png"}],"schema":{"@context":"https:\/\/schema.org","@graph":[{"@type":"WebPage","@id":"https:\/\/sortzen.org\/wp-content\/uploads\/2018\/11\/Screen-Shot-2018-11-17-at-17.12.12.png","url":"https:\/\/sortzen.org\/wp-content\/uploads\/2018\/11\/Screen-Shot-2018-11-17-at-17.12.12.png","name":"Screen Shot 2018-11-17 at 17.12.12 - Sortzen","isPartOf":{"@id":"https:\/\/sortzen.org\/#website"},"datePublished":"2018-11-17T16:14:05+00:00","breadcrumb":{"@id":"https:\/\/sortzen.org\/wp-content\/uploads\/2018\/11\/Screen-Shot-2018-11-17-at-17.12.12.png#breadcrumb"},"inLanguage":"eu","potentialAction":[{"@type":"ReadAction","target":["https:\/\/sortzen.org\/wp-content\/uploads\/2018\/11\/Screen-Shot-2018-11-17-at-17.12.12.png"]}]},{"@type":"BreadcrumbList","@id":"https:\/\/sortzen.org\/wp-content\/uploads\/2018\/11\/Screen-Shot-2018-11-17-at-17.12.12.png#breadcrumb","itemListElement":[{"@type":"ListItem","position":1,"name":"Home","item":"https:\/\/sortzen.org\/"},{"@type":"ListItem","position":2,"name":"El hijo mayor de Juana Rivas relata ante el juez italiano episodios de malos tratos","item":"https:\/\/sortzen.org\/el-hijo-mayor-de-juana-rivas-relata-ante-el-juez-italiano-episodios-de-malos-tratos\/"},{"@type":"ListItem","position":3,"name":"Screen Shot 2018-11-17 at 17.12.12"}]},{"@type":"WebSite","@id":"https:\/\/sortzen.org\/#website","url":"https:\/\/sortzen.org\/","name":"Sortzen","description":"Consultor\u00eda especializada en la prevenci\u00f3n y atenci\u00f3n de la violencia machista y los procesos de empoderamiento de las mujeres","potentialAction":[{"@type":"SearchAction","target":{"@type":"EntryPoint","urlTemplate":"https:\/\/sortzen.org\/?s={search_term_string}"},"query-input":{"@type":"PropertyValueSpecification","valueRequired":true,"valueName":"search_term_string"}}],"inLanguage":"eu"}]}},"description":{"rendered":"<p class=\"attachment\"><a href='https:\/\/sortzen.org\/wp-content\/uploads\/2018\/11\/Screen-Shot-2018-11-17-at-17.12.12.png'><img decoding=\"async\" width=\"300\" height=\"164\" src=\"https:\/\/sortzen.org\/wp-content\/uploads\/2018\/11\/Screen-Shot-2018-11-17-at-17.12.12-300x164.png\" class=\"attachment-medium size-medium\" alt=\"\" srcset=\"https:\/\/sortzen.org\/wp-content\/uploads\/2018\/11\/Screen-Shot-2018-11-17-at-17.12.12-300x164.png 300w, https:\/\/sortzen.org\/wp-content\/uploads\/2018\/11\/Screen-Shot-2018-11-17-at-17.12.12.png 663w\" sizes=\"(max-width: 300px) 100vw, 300px\" \/><\/a><\/p>\n"},"caption":{"rendered":""},"alt_text":"","media_type":"image","mime_type":"image\/png","media_details":{"width":663,"height":362,"file":"2018\/11\/Screen-Shot-2018-11-17-at-17.12.12.png","sizes":{"thumbnail":{"file":"Screen-Shot-2018-11-17-at-17.12.12-150x150.png","width":150,"height":150,"mime_type":"image\/png","source_url":"https:\/\/sortzen.org\/wp-content\/uploads\/2018\/11\/Screen-Shot-2018-11-17-at-17.12.12-150x150.png"},"medium":{"file":"Screen-Shot-2018-11-17-at-17.12.12-300x164.png","width":300,"height":164,"mime_type":"image\/png","source_url":"https:\/\/sortzen.org\/wp-content\/uploads\/2018\/11\/Screen-Shot-2018-11-17-at-17.12.12-300x164.png"},"full":{"file":"Screen-Shot-2018-11-17-at-17.12.12.png","width":663,"height":362,"mime_type":"image\/png","source_url":"https:\/\/sortzen.org\/wp-content\/uploads\/2018\/11\/Screen-Shot-2018-11-17-at-17.12.12.png"}},"image_meta":{"aperture":"0","credit":"","camera":"","caption":"","created_timestamp":"0","copyright":"","focal_length":"0","iso":"0","shutter_speed":"0","title":"","orientation":"0","keywords":[]}},"post":2024,"source_url":"https:\/\/sortzen.org\/wp-content\/uploads\/2018\/11\/Screen-Shot-2018-11-17-at-17.12.12.png","_links":{"self":[{"href":"https:\/\/sortzen.org\/eu\/wp-json\/wp\/v2\/media\/2025","targetHints":{"allow":["GET"]}}],"collection":[{"href":"https:\/\/sortzen.org\/eu\/wp-json\/wp\/v2\/media"}],"about":[{"href":"https:\/\/sortzen.org\/eu\/wp-json\/wp\/v2\/types\/attachment"}],"author":[{"embeddable":true,"href":"https:\/\/sortzen.org\/eu\/wp-json\/wp\/v2\/users\/4"}],"replies":[{"embeddable":true,"href":"https:\/\/sortzen.org\/eu\/wp-json\/wp\/v2\/comments?post=2025"}]}}

<!-- This site is optimized with the Yoast SEO plugin v27.5 - https://yoast.com/product/yoast-seo-wordpress/ -->
<title>Screen Shot 2018-11-17 at 17.12.12 - Sortzen</title>
<meta name="robots" content="index, follow, max-snippet:-1, max-image-preview:large, max-video-preview:-1" />
<link rel="canonical" href="https://sortzen.org/wp-content/uploads/2018/11/Screen-Shot-2018-11-17-at-17.12.12.png" />
<meta property="og:locale" content="en_US" />
<meta property="og:type" content="article" />
<meta property="og:title" content="Screen Shot 2018-11-17 at 17.12.12 - Sortzen" />
<meta property="og:url" content="https://sortzen.org/wp-content/uploads/2018/11/Screen-Shot-2018-11-17-at-17.12.12.png" />
<meta property="og:site_name" content="Sortzen" />
<meta property="og:image" content="https://sortzen.org/wp-content/uploads/2018/11/Screen-Shot-2018-11-17-at-17.12.12.png" />
	<meta property="og:image:width" content="663" />
	<meta property="og:image:height" content="362" />
	<meta property="og:image:type" content="image/png" />
<script type="application/ld+json" class="yoast-schema-graph">{"@context":"https:\/\/schema.org","@graph":[{"@type":"WebPage","@id":"https:\/\/sortzen.org\/wp-content\/uploads\/2018\/11\/Screen-Shot-2018-11-17-at-17.12.12.png","url":"https:\/\/sortzen.org\/wp-content\/uploads\/2018\/11\/Screen-Shot-2018-11-17-at-17.12.12.png","name":"Screen Shot 2018-11-17 at 17.12.12 - Sortzen","isPartOf":{"@id":"https:\/\/sortzen.org\/#website"},"datePublished":"2018-11-17T16:14:05+00:00","breadcrumb":{"@id":"https:\/\/sortzen.org\/wp-content\/uploads\/2018\/11\/Screen-Shot-2018-11-17-at-17.12.12.png#breadcrumb"},"inLanguage":"eu","potentialAction":[{"@type":"ReadAction","target":["https:\/\/sortzen.org\/wp-content\/uploads\/2018\/11\/Screen-Shot-2018-11-17-at-17.12.12.png"]}]},{"@type":"BreadcrumbList","@id":"https:\/\/sortzen.org\/wp-content\/uploads\/2018\/11\/Screen-Shot-2018-11-17-at-17.12.12.png#breadcrumb","itemListElement":[{"@type":"ListItem","position":1,"name":"Home","item":"https:\/\/sortzen.org\/"},{"@type":"ListItem","position":2,"name":"El hijo mayor de Juana Rivas relata ante el juez italiano episodios de malos tratos","item":"https:\/\/sortzen.org\/el-hijo-mayor-de-juana-rivas-relata-ante-el-juez-italiano-episodios-de-malos-tratos\/"},{"@type":"ListItem","position":3,"name":"Screen Shot 2018-11-17 at 17.12.12"}]},{"@type":"WebSite","@id":"https:\/\/sortzen.org\/#website","url":"https:\/\/sortzen.org\/","name":"Sortzen","description":"Consultoría especializada en la prevención y atención de la violencia machista y los procesos de empoderamiento de las mujeres","potentialAction":[{"@type":"SearchAction","target":{"@type":"EntryPoint","urlTemplate":"https:\/\/sortzen.org\/?s={search_term_string}"},"query-input":{"@type":"PropertyValueSpecification","valueRequired":true,"valueName":"search_term_string"}}],"inLanguage":"eu"}]}</script>
<!-- / Yoast SEO plugin. -->

Consultoría especializada en la prevención y atención de la violencia machista y los procesos de empoderamiento de las mujeres
