{"id":2140,"date":"2019-01-15T11:19:42","date_gmt":"2019-01-15T10:19:42","guid":{"rendered":"https:\/\/sortzen.org\/wp-content\/uploads\/2019\/01\/Screenshot-2019-01-15-at-11.19.24.png"},"modified":"2019-01-15T11:19:42","modified_gmt":"2019-01-15T10:19:42","slug":"screenshot-2019-01-15-at-11-19-24","status":"inherit","type":"attachment","link":"https:\/\/sortzen.org\/eu\/kevin-fret-activista-lgtbi-asesinado-a-tiros-en-puerto-rico\/screenshot-2019-01-15-at-11-19-24\/","title":{"rendered":"Screenshot 2019-01-15 at 11.19.24"},"author":4,"featured_media":0,"comment_status":"closed","ping_status":"closed","template":"","meta":[],"class_list":["post-2140","attachment","type-attachment","status-inherit","hentry"],"yoast_head":"<!-- This site is optimized with the Yoast SEO plugin v27.5 - https:\/\/yoast.com\/product\/yoast-seo-wordpress\/ -->\n<title>Screenshot 2019-01-15 at 11.19.24 - Sortzen<\/title>\n<meta name=\"robots\" content=\"index, follow, max-snippet:-1, max-image-preview:large, max-video-preview:-1\" \/>\n<link rel=\"canonical\" href=\"https:\/\/sortzen.org\/wp-content\/uploads\/2019\/01\/Screenshot-2019-01-15-at-11.19.24.png\" \/>\n<meta property=\"og:locale\" content=\"en_US\" \/>\n<meta property=\"og:type\" content=\"article\" \/>\n<meta property=\"og:title\" content=\"Screenshot 2019-01-15 at 11.19.24 - Sortzen\" \/>\n<meta property=\"og:url\" content=\"https:\/\/sortzen.org\/wp-content\/uploads\/2019\/01\/Screenshot-2019-01-15-at-11.19.24.png\" \/>\n<meta property=\"og:site_name\" content=\"Sortzen\" \/>\n<meta property=\"og:image\" content=\"https:\/\/sortzen.org\/wp-content\/uploads\/2019\/01\/Screenshot-2019-01-15-at-11.19.24.png\" \/>\n\t<meta property=\"og:image:width\" content=\"1120\" \/>\n\t<meta property=\"og:image:height\" content=\"742\" \/>\n\t<meta property=\"og:image:type\" content=\"image\/png\" \/>\n<script type=\"application\/ld+json\" class=\"yoast-schema-graph\">{\"@context\":\"https:\\\/\\\/schema.org\",\"@graph\":[{\"@type\":\"WebPage\",\"@id\":\"https:\\\/\\\/sortzen.org\\\/wp-content\\\/uploads\\\/2019\\\/01\\\/Screenshot-2019-01-15-at-11.19.24.png\",\"url\":\"https:\\\/\\\/sortzen.org\\\/wp-content\\\/uploads\\\/2019\\\/01\\\/Screenshot-2019-01-15-at-11.19.24.png\",\"name\":\"Screenshot 2019-01-15 at 11.19.24 - Sortzen\",\"isPartOf\":{\"@id\":\"https:\\\/\\\/sortzen.org\\\/#website\"},\"datePublished\":\"2019-01-15T10:19:42+00:00\",\"breadcrumb\":{\"@id\":\"https:\\\/\\\/sortzen.org\\\/wp-content\\\/uploads\\\/2019\\\/01\\\/Screenshot-2019-01-15-at-11.19.24.png#breadcrumb\"},\"inLanguage\":\"eu\",\"potentialAction\":[{\"@type\":\"ReadAction\",\"target\":[\"https:\\\/\\\/sortzen.org\\\/wp-content\\\/uploads\\\/2019\\\/01\\\/Screenshot-2019-01-15-at-11.19.24.png\"]}]},{\"@type\":\"BreadcrumbList\",\"@id\":\"https:\\\/\\\/sortzen.org\\\/wp-content\\\/uploads\\\/2019\\\/01\\\/Screenshot-2019-01-15-at-11.19.24.png#breadcrumb\",\"itemListElement\":[{\"@type\":\"ListItem\",\"position\":1,\"name\":\"Home\",\"item\":\"https:\\\/\\\/sortzen.org\\\/\"},{\"@type\":\"ListItem\",\"position\":2,\"name\":\"Kevin Fret, activista LGTBI, asesinado a tiros en Puerto Rico\",\"item\":\"https:\\\/\\\/sortzen.org\\\/kevin-fret-activista-lgtbi-asesinado-a-tiros-en-puerto-rico\\\/\"},{\"@type\":\"ListItem\",\"position\":3,\"name\":\"Screenshot 2019-01-15 at 11.19.24\"}]},{\"@type\":\"WebSite\",\"@id\":\"https:\\\/\\\/sortzen.org\\\/#website\",\"url\":\"https:\\\/\\\/sortzen.org\\\/\",\"name\":\"Sortzen\",\"description\":\"Consultor\u00eda especializada en la prevenci\u00f3n y atenci\u00f3n de la violencia machista y los procesos de empoderamiento de las mujeres\",\"potentialAction\":[{\"@type\":\"SearchAction\",\"target\":{\"@type\":\"EntryPoint\",\"urlTemplate\":\"https:\\\/\\\/sortzen.org\\\/?s={search_term_string}\"},\"query-input\":{\"@type\":\"PropertyValueSpecification\",\"valueRequired\":true,\"valueName\":\"search_term_string\"}}],\"inLanguage\":\"eu\"}]}<\/script>\n<!-- \/ Yoast SEO plugin. -->","yoast_head_json":{"title":"Screenshot 2019-01-15 at 11.19.24 - Sortzen","robots":{"index":"index","follow":"follow","max-snippet":"max-snippet:-1","max-image-preview":"max-image-preview:large","max-video-preview":"max-video-preview:-1"},"canonical":"https:\/\/sortzen.org\/wp-content\/uploads\/2019\/01\/Screenshot-2019-01-15-at-11.19.24.png","og_locale":"en_US","og_type":"article","og_title":"Screenshot 2019-01-15 at 11.19.24 - Sortzen","og_url":"https:\/\/sortzen.org\/wp-content\/uploads\/2019\/01\/Screenshot-2019-01-15-at-11.19.24.png","og_site_name":"Sortzen","og_image":[{"width":1120,"height":742,"url":"https:\/\/sortzen.org\/wp-content\/uploads\/2019\/01\/Screenshot-2019-01-15-at-11.19.24.png","type":"image\/png"}],"schema":{"@context":"https:\/\/schema.org","@graph":[{"@type":"WebPage","@id":"https:\/\/sortzen.org\/wp-content\/uploads\/2019\/01\/Screenshot-2019-01-15-at-11.19.24.png","url":"https:\/\/sortzen.org\/wp-content\/uploads\/2019\/01\/Screenshot-2019-01-15-at-11.19.24.png","name":"Screenshot 2019-01-15 at 11.19.24 - Sortzen","isPartOf":{"@id":"https:\/\/sortzen.org\/#website"},"datePublished":"2019-01-15T10:19:42+00:00","breadcrumb":{"@id":"https:\/\/sortzen.org\/wp-content\/uploads\/2019\/01\/Screenshot-2019-01-15-at-11.19.24.png#breadcrumb"},"inLanguage":"eu","potentialAction":[{"@type":"ReadAction","target":["https:\/\/sortzen.org\/wp-content\/uploads\/2019\/01\/Screenshot-2019-01-15-at-11.19.24.png"]}]},{"@type":"BreadcrumbList","@id":"https:\/\/sortzen.org\/wp-content\/uploads\/2019\/01\/Screenshot-2019-01-15-at-11.19.24.png#breadcrumb","itemListElement":[{"@type":"ListItem","position":1,"name":"Home","item":"https:\/\/sortzen.org\/"},{"@type":"ListItem","position":2,"name":"Kevin Fret, activista LGTBI, asesinado a tiros en Puerto Rico","item":"https:\/\/sortzen.org\/kevin-fret-activista-lgtbi-asesinado-a-tiros-en-puerto-rico\/"},{"@type":"ListItem","position":3,"name":"Screenshot 2019-01-15 at 11.19.24"}]},{"@type":"WebSite","@id":"https:\/\/sortzen.org\/#website","url":"https:\/\/sortzen.org\/","name":"Sortzen","description":"Consultor\u00eda especializada en la prevenci\u00f3n y atenci\u00f3n de la violencia machista y los procesos de empoderamiento de las mujeres","potentialAction":[{"@type":"SearchAction","target":{"@type":"EntryPoint","urlTemplate":"https:\/\/sortzen.org\/?s={search_term_string}"},"query-input":{"@type":"PropertyValueSpecification","valueRequired":true,"valueName":"search_term_string"}}],"inLanguage":"eu"}]}},"description":{"rendered":"<p class=\"attachment\"><a href='https:\/\/sortzen.org\/wp-content\/uploads\/2019\/01\/Screenshot-2019-01-15-at-11.19.24.png'><img fetchpriority=\"high\" decoding=\"async\" width=\"300\" height=\"199\" src=\"https:\/\/sortzen.org\/wp-content\/uploads\/2019\/01\/Screenshot-2019-01-15-at-11.19.24-300x199.png\" class=\"attachment-medium size-medium\" alt=\"\" srcset=\"https:\/\/sortzen.org\/wp-content\/uploads\/2019\/01\/Screenshot-2019-01-15-at-11.19.24-300x199.png 300w, https:\/\/sortzen.org\/wp-content\/uploads\/2019\/01\/Screenshot-2019-01-15-at-11.19.24-768x509.png 768w, https:\/\/sortzen.org\/wp-content\/uploads\/2019\/01\/Screenshot-2019-01-15-at-11.19.24-1024x678.png 1024w, https:\/\/sortzen.org\/wp-content\/uploads\/2019\/01\/Screenshot-2019-01-15-at-11.19.24.png 1120w\" sizes=\"(max-width: 300px) 100vw, 300px\" \/><\/a><\/p>\n"},"caption":{"rendered":""},"alt_text":"","media_type":"image","mime_type":"image\/png","media_details":{"width":1120,"height":742,"file":"2019\/01\/Screenshot-2019-01-15-at-11.19.24.png","sizes":{"thumbnail":{"file":"Screenshot-2019-01-15-at-11.19.24-150x150.png","width":150,"height":150,"mime_type":"image\/png","source_url":"https:\/\/sortzen.org\/wp-content\/uploads\/2019\/01\/Screenshot-2019-01-15-at-11.19.24-150x150.png"},"medium":{"file":"Screenshot-2019-01-15-at-11.19.24-300x199.png","width":300,"height":199,"mime_type":"image\/png","source_url":"https:\/\/sortzen.org\/wp-content\/uploads\/2019\/01\/Screenshot-2019-01-15-at-11.19.24-300x199.png"},"medium_large":{"file":"Screenshot-2019-01-15-at-11.19.24-768x509.png","width":768,"height":509,"mime_type":"image\/png","source_url":"https:\/\/sortzen.org\/wp-content\/uploads\/2019\/01\/Screenshot-2019-01-15-at-11.19.24-768x509.png"},"large":{"file":"Screenshot-2019-01-15-at-11.19.24-1024x678.png","width":1024,"height":678,"mime_type":"image\/png","source_url":"https:\/\/sortzen.org\/wp-content\/uploads\/2019\/01\/Screenshot-2019-01-15-at-11.19.24-1024x678.png"},"full":{"file":"Screenshot-2019-01-15-at-11.19.24.png","width":1120,"height":742,"mime_type":"image\/png","source_url":"https:\/\/sortzen.org\/wp-content\/uploads\/2019\/01\/Screenshot-2019-01-15-at-11.19.24.png"}},"image_meta":{"aperture":"0","credit":"","camera":"","caption":"","created_timestamp":"0","copyright":"","focal_length":"0","iso":"0","shutter_speed":"0","title":"","orientation":"0","keywords":[]}},"post":2139,"source_url":"https:\/\/sortzen.org\/wp-content\/uploads\/2019\/01\/Screenshot-2019-01-15-at-11.19.24.png","_links":{"self":[{"href":"https:\/\/sortzen.org\/eu\/wp-json\/wp\/v2\/media\/2140","targetHints":{"allow":["GET"]}}],"collection":[{"href":"https:\/\/sortzen.org\/eu\/wp-json\/wp\/v2\/media"}],"about":[{"href":"https:\/\/sortzen.org\/eu\/wp-json\/wp\/v2\/types\/attachment"}],"author":[{"embeddable":true,"href":"https:\/\/sortzen.org\/eu\/wp-json\/wp\/v2\/users\/4"}],"replies":[{"embeddable":true,"href":"https:\/\/sortzen.org\/eu\/wp-json\/wp\/v2\/comments?post=2140"}]}}

<!-- This site is optimized with the Yoast SEO plugin v27.5 - https://yoast.com/product/yoast-seo-wordpress/ -->
<title>Screenshot 2019-01-15 at 11.19.24 - Sortzen</title>
<meta name="robots" content="index, follow, max-snippet:-1, max-image-preview:large, max-video-preview:-1" />
<link rel="canonical" href="https://sortzen.org/wp-content/uploads/2019/01/Screenshot-2019-01-15-at-11.19.24.png" />
<meta property="og:locale" content="en_US" />
<meta property="og:type" content="article" />
<meta property="og:title" content="Screenshot 2019-01-15 at 11.19.24 - Sortzen" />
<meta property="og:url" content="https://sortzen.org/wp-content/uploads/2019/01/Screenshot-2019-01-15-at-11.19.24.png" />
<meta property="og:site_name" content="Sortzen" />
<meta property="og:image" content="https://sortzen.org/wp-content/uploads/2019/01/Screenshot-2019-01-15-at-11.19.24.png" />
	<meta property="og:image:width" content="1120" />
	<meta property="og:image:height" content="742" />
	<meta property="og:image:type" content="image/png" />
<script type="application/ld+json" class="yoast-schema-graph">{"@context":"https:\/\/schema.org","@graph":[{"@type":"WebPage","@id":"https:\/\/sortzen.org\/wp-content\/uploads\/2019\/01\/Screenshot-2019-01-15-at-11.19.24.png","url":"https:\/\/sortzen.org\/wp-content\/uploads\/2019\/01\/Screenshot-2019-01-15-at-11.19.24.png","name":"Screenshot 2019-01-15 at 11.19.24 - Sortzen","isPartOf":{"@id":"https:\/\/sortzen.org\/#website"},"datePublished":"2019-01-15T10:19:42+00:00","breadcrumb":{"@id":"https:\/\/sortzen.org\/wp-content\/uploads\/2019\/01\/Screenshot-2019-01-15-at-11.19.24.png#breadcrumb"},"inLanguage":"eu","potentialAction":[{"@type":"ReadAction","target":["https:\/\/sortzen.org\/wp-content\/uploads\/2019\/01\/Screenshot-2019-01-15-at-11.19.24.png"]}]},{"@type":"BreadcrumbList","@id":"https:\/\/sortzen.org\/wp-content\/uploads\/2019\/01\/Screenshot-2019-01-15-at-11.19.24.png#breadcrumb","itemListElement":[{"@type":"ListItem","position":1,"name":"Home","item":"https:\/\/sortzen.org\/"},{"@type":"ListItem","position":2,"name":"Kevin Fret, activista LGTBI, asesinado a tiros en Puerto Rico","item":"https:\/\/sortzen.org\/kevin-fret-activista-lgtbi-asesinado-a-tiros-en-puerto-rico\/"},{"@type":"ListItem","position":3,"name":"Screenshot 2019-01-15 at 11.19.24"}]},{"@type":"WebSite","@id":"https:\/\/sortzen.org\/#website","url":"https:\/\/sortzen.org\/","name":"Sortzen","description":"Consultoría especializada en la prevención y atención de la violencia machista y los procesos de empoderamiento de las mujeres","potentialAction":[{"@type":"SearchAction","target":{"@type":"EntryPoint","urlTemplate":"https:\/\/sortzen.org\/?s={search_term_string}"},"query-input":{"@type":"PropertyValueSpecification","valueRequired":true,"valueName":"search_term_string"}}],"inLanguage":"eu"}]}</script>
<!-- / Yoast SEO plugin. -->

Consultoría especializada en la prevención y atención de la violencia machista y los procesos de empoderamiento de las mujeres
