{"id":1232,"date":"2018-10-05T11:14:19","date_gmt":"2018-10-05T10:14:19","guid":{"rendered":"https:\/\/sortzen.org\/?page_id=1232"},"modified":"2018-10-18T12:09:41","modified_gmt":"2018-10-18T11:09:41","slug":"guia-educativa-para-la-prevencion-de-la-violencia-de-genero-que-se-cuece-en-las-relaciones-entre-jovenes","status":"publish","type":"page","link":"https:\/\/sortzen.org\/eu\/guia-educativa-para-la-prevencion-de-la-violencia-de-genero-que-se-cuece-en-las-relaciones-entre-jovenes\/","title":{"rendered":"Gu\u00eda educativa para la prevenci\u00f3n de la violencia de g\u00e9nero: \u00bfQu\u00e9 se cuece en las relaciones entre j\u00f3venes?"},"content":{"rendered":"<p><span style=\"font-size: 18pt;\">Tema:\u00a0Prevenci\u00f3n de la violencia de g\u00e9nero.<\/span><\/p>\n<p>&nbsp;<\/p>\n<p><span style=\"font-size: 18pt;\">Resumen:\u00a0Material did\u00e1ctico para el personal que trabaja en el \u00e1mbito de la educaci\u00f3n formal y no formal de j\u00f3venes, y en el \u00e1mbito de la prevenci\u00f3n de la violencia de g\u00e9nero.\u00a0<\/span><\/p>\n<p>&nbsp;<\/p>\n<p><span style=\"font-size: 18pt;\">A\u00f1o: 2010.\u00a0<\/span><\/p>\n<p>&nbsp;<\/p>\n<p>Existencia en formato CD.\u00a0<\/p>\n<p><a href=\"http:\/\/sortzen.org\/eu\/productos\/CD-interactivo-sortzen.zip\/\">\u00bfQU\u00c9 SE CUECE EN LAS RELACIONES ENTRE J\u00d3VENES?<\/a><\/p>\n<p>&nbsp;<\/p>","protected":false},"excerpt":{"rendered":"<p>Tema:\u00a0Prevenci\u00f3n de la violencia de g\u00e9nero. &nbsp; Resumen:\u00a0Material did\u00e1ctico para el personal que trabaja en el \u00e1mbito de la educaci\u00f3n formal y no formal de j\u00f3venes, y en el \u00e1mbito de la prevenci\u00f3n de la violencia de g\u00e9nero.\u00a0 &nbsp; A\u00f1o: 2010.\u00a0 &nbsp; Existencia en formato CD.\u00a0 \u00bfQU\u00c9 SE CUECE EN LAS RELACIONES ENTRE J\u00d3VENES? &nbsp;<\/p>","protected":false},"author":4,"featured_media":1505,"parent":0,"menu_order":0,"comment_status":"closed","ping_status":"closed","template":"","meta":{"footnotes":""},"class_list":["post-1232","page","type-page","status-publish","has-post-thumbnail","hentry"],"yoast_head":"<!-- This site is optimized with the Yoast SEO plugin v27.5 - https:\/\/yoast.com\/product\/yoast-seo-wordpress\/ -->\n<title>Gu\u00eda educativa para la prevenci\u00f3n de la violencia de g\u00e9nero: \u00bfQu\u00e9 se cuece en las relaciones entre j\u00f3venes? - Sortzen<\/title>\n<meta name=\"robots\" content=\"index, follow, max-snippet:-1, max-image-preview:large, max-video-preview:-1\" \/>\n<link rel=\"canonical\" href=\"https:\/\/sortzen.org\/eu\/guia-educativa-para-la-prevencion-de-la-violencia-de-genero-que-se-cuece-en-las-relaciones-entre-jovenes\/\" \/>\n<meta property=\"og:locale\" content=\"en_US\" \/>\n<meta property=\"og:type\" content=\"article\" \/>\n<meta property=\"og:title\" content=\"Gu\u00eda educativa para la prevenci\u00f3n de la violencia de g\u00e9nero: \u00bfQu\u00e9 se cuece en las relaciones entre j\u00f3venes? - Sortzen\" \/>\n<meta property=\"og:description\" content=\"Tema:\u00a0Prevenci\u00f3n de la violencia de g\u00e9nero. &nbsp; Resumen:\u00a0Material did\u00e1ctico para el personal que trabaja en el \u00e1mbito de la educaci\u00f3n formal y no formal de j\u00f3venes, y en el \u00e1mbito de la prevenci\u00f3n de la violencia de g\u00e9nero.\u00a0 &nbsp; A\u00f1o: 2010.\u00a0 &nbsp; Existencia en formato CD.\u00a0 \u00bfQU\u00c9 SE CUECE EN LAS RELACIONES ENTRE J\u00d3VENES? &nbsp;\" \/>\n<meta property=\"og:url\" content=\"https:\/\/sortzen.org\/eu\/guia-educativa-para-la-prevencion-de-la-violencia-de-genero-que-se-cuece-en-las-relaciones-entre-jovenes\/\" \/>\n<meta property=\"og:site_name\" content=\"Sortzen\" \/>\n<meta property=\"article:modified_time\" content=\"2018-10-18T11:09:41+00:00\" \/>\n<meta property=\"og:image\" content=\"https:\/\/sortzen.org\/wp-content\/uploads\/2018\/10\/Screen-Shot-2018-10-18-at-09.18.07.png\" \/>\n\t<meta property=\"og:image:width\" content=\"753\" \/>\n\t<meta property=\"og:image:height\" content=\"495\" \/>\n\t<meta property=\"og:image:type\" content=\"image\/png\" \/>\n<script type=\"application\/ld+json\" class=\"yoast-schema-graph\">{\"@context\":\"https:\\\/\\\/schema.org\",\"@graph\":[{\"@type\":\"WebPage\",\"@id\":\"https:\\\/\\\/sortzen.org\\\/guia-educativa-para-la-prevencion-de-la-violencia-de-genero-que-se-cuece-en-las-relaciones-entre-jovenes\\\/\",\"url\":\"https:\\\/\\\/sortzen.org\\\/guia-educativa-para-la-prevencion-de-la-violencia-de-genero-que-se-cuece-en-las-relaciones-entre-jovenes\\\/\",\"name\":\"Gu\u00eda educativa para la prevenci\u00f3n de la violencia de g\u00e9nero: \u00bfQu\u00e9 se cuece en las relaciones entre j\u00f3venes? - Sortzen\",\"isPartOf\":{\"@id\":\"https:\\\/\\\/sortzen.org\\\/#website\"},\"primaryImageOfPage\":{\"@id\":\"https:\\\/\\\/sortzen.org\\\/guia-educativa-para-la-prevencion-de-la-violencia-de-genero-que-se-cuece-en-las-relaciones-entre-jovenes\\\/#primaryimage\"},\"image\":{\"@id\":\"https:\\\/\\\/sortzen.org\\\/guia-educativa-para-la-prevencion-de-la-violencia-de-genero-que-se-cuece-en-las-relaciones-entre-jovenes\\\/#primaryimage\"},\"thumbnailUrl\":\"https:\\\/\\\/sortzen.org\\\/wp-content\\\/uploads\\\/2018\\\/10\\\/Screen-Shot-2018-10-18-at-09.18.07.png\",\"datePublished\":\"2018-10-05T10:14:19+00:00\",\"dateModified\":\"2018-10-18T11:09:41+00:00\",\"breadcrumb\":{\"@id\":\"https:\\\/\\\/sortzen.org\\\/guia-educativa-para-la-prevencion-de-la-violencia-de-genero-que-se-cuece-en-las-relaciones-entre-jovenes\\\/#breadcrumb\"},\"inLanguage\":\"eu\",\"potentialAction\":[{\"@type\":\"ReadAction\",\"target\":[\"https:\\\/\\\/sortzen.org\\\/guia-educativa-para-la-prevencion-de-la-violencia-de-genero-que-se-cuece-en-las-relaciones-entre-jovenes\\\/\"]}]},{\"@type\":\"ImageObject\",\"inLanguage\":\"eu\",\"@id\":\"https:\\\/\\\/sortzen.org\\\/guia-educativa-para-la-prevencion-de-la-violencia-de-genero-que-se-cuece-en-las-relaciones-entre-jovenes\\\/#primaryimage\",\"url\":\"https:\\\/\\\/sortzen.org\\\/wp-content\\\/uploads\\\/2018\\\/10\\\/Screen-Shot-2018-10-18-at-09.18.07.png\",\"contentUrl\":\"https:\\\/\\\/sortzen.org\\\/wp-content\\\/uploads\\\/2018\\\/10\\\/Screen-Shot-2018-10-18-at-09.18.07.png\",\"width\":753,\"height\":495},{\"@type\":\"BreadcrumbList\",\"@id\":\"https:\\\/\\\/sortzen.org\\\/guia-educativa-para-la-prevencion-de-la-violencia-de-genero-que-se-cuece-en-las-relaciones-entre-jovenes\\\/#breadcrumb\",\"itemListElement\":[{\"@type\":\"ListItem\",\"position\":1,\"name\":\"Home\",\"item\":\"https:\\\/\\\/sortzen.org\\\/\"},{\"@type\":\"ListItem\",\"position\":2,\"name\":\"Gu\u00eda educativa para la prevenci\u00f3n de la violencia de g\u00e9nero: \u00bfQu\u00e9 se cuece en las relaciones entre j\u00f3venes?\"}]},{\"@type\":\"WebSite\",\"@id\":\"https:\\\/\\\/sortzen.org\\\/#website\",\"url\":\"https:\\\/\\\/sortzen.org\\\/\",\"name\":\"Sortzen\",\"description\":\"Consultor\u00eda especializada en la prevenci\u00f3n y atenci\u00f3n de la violencia machista y los procesos de empoderamiento de las mujeres\",\"potentialAction\":[{\"@type\":\"SearchAction\",\"target\":{\"@type\":\"EntryPoint\",\"urlTemplate\":\"https:\\\/\\\/sortzen.org\\\/?s={search_term_string}\"},\"query-input\":{\"@type\":\"PropertyValueSpecification\",\"valueRequired\":true,\"valueName\":\"search_term_string\"}}],\"inLanguage\":\"eu\"}]}<\/script>\n<!-- \/ Yoast SEO plugin. -->","yoast_head_json":{"title":"Gu\u00eda educativa para la prevenci\u00f3n de la violencia de g\u00e9nero: \u00bfQu\u00e9 se cuece en las relaciones entre j\u00f3venes? - Sortzen","robots":{"index":"index","follow":"follow","max-snippet":"max-snippet:-1","max-image-preview":"max-image-preview:large","max-video-preview":"max-video-preview:-1"},"canonical":"https:\/\/sortzen.org\/eu\/guia-educativa-para-la-prevencion-de-la-violencia-de-genero-que-se-cuece-en-las-relaciones-entre-jovenes\/","og_locale":"en_US","og_type":"article","og_title":"Gu\u00eda educativa para la prevenci\u00f3n de la violencia de g\u00e9nero: \u00bfQu\u00e9 se cuece en las relaciones entre j\u00f3venes? - Sortzen","og_description":"Tema:\u00a0Prevenci\u00f3n de la violencia de g\u00e9nero. &nbsp; Resumen:\u00a0Material did\u00e1ctico para el personal que trabaja en el \u00e1mbito de la educaci\u00f3n formal y no formal de j\u00f3venes, y en el \u00e1mbito de la prevenci\u00f3n de la violencia de g\u00e9nero.\u00a0 &nbsp; A\u00f1o: 2010.\u00a0 &nbsp; Existencia en formato CD.\u00a0 \u00bfQU\u00c9 SE CUECE EN LAS RELACIONES ENTRE J\u00d3VENES? &nbsp;","og_url":"https:\/\/sortzen.org\/eu\/guia-educativa-para-la-prevencion-de-la-violencia-de-genero-que-se-cuece-en-las-relaciones-entre-jovenes\/","og_site_name":"Sortzen","article_modified_time":"2018-10-18T11:09:41+00:00","og_image":[{"width":753,"height":495,"url":"https:\/\/sortzen.org\/wp-content\/uploads\/2018\/10\/Screen-Shot-2018-10-18-at-09.18.07.png","type":"image\/png"}],"schema":{"@context":"https:\/\/schema.org","@graph":[{"@type":"WebPage","@id":"https:\/\/sortzen.org\/guia-educativa-para-la-prevencion-de-la-violencia-de-genero-que-se-cuece-en-las-relaciones-entre-jovenes\/","url":"https:\/\/sortzen.org\/guia-educativa-para-la-prevencion-de-la-violencia-de-genero-que-se-cuece-en-las-relaciones-entre-jovenes\/","name":"Gu\u00eda educativa para la prevenci\u00f3n de la violencia de g\u00e9nero: \u00bfQu\u00e9 se cuece en las relaciones entre j\u00f3venes? - Sortzen","isPartOf":{"@id":"https:\/\/sortzen.org\/#website"},"primaryImageOfPage":{"@id":"https:\/\/sortzen.org\/guia-educativa-para-la-prevencion-de-la-violencia-de-genero-que-se-cuece-en-las-relaciones-entre-jovenes\/#primaryimage"},"image":{"@id":"https:\/\/sortzen.org\/guia-educativa-para-la-prevencion-de-la-violencia-de-genero-que-se-cuece-en-las-relaciones-entre-jovenes\/#primaryimage"},"thumbnailUrl":"https:\/\/sortzen.org\/wp-content\/uploads\/2018\/10\/Screen-Shot-2018-10-18-at-09.18.07.png","datePublished":"2018-10-05T10:14:19+00:00","dateModified":"2018-10-18T11:09:41+00:00","breadcrumb":{"@id":"https:\/\/sortzen.org\/guia-educativa-para-la-prevencion-de-la-violencia-de-genero-que-se-cuece-en-las-relaciones-entre-jovenes\/#breadcrumb"},"inLanguage":"eu","potentialAction":[{"@type":"ReadAction","target":["https:\/\/sortzen.org\/guia-educativa-para-la-prevencion-de-la-violencia-de-genero-que-se-cuece-en-las-relaciones-entre-jovenes\/"]}]},{"@type":"ImageObject","inLanguage":"eu","@id":"https:\/\/sortzen.org\/guia-educativa-para-la-prevencion-de-la-violencia-de-genero-que-se-cuece-en-las-relaciones-entre-jovenes\/#primaryimage","url":"https:\/\/sortzen.org\/wp-content\/uploads\/2018\/10\/Screen-Shot-2018-10-18-at-09.18.07.png","contentUrl":"https:\/\/sortzen.org\/wp-content\/uploads\/2018\/10\/Screen-Shot-2018-10-18-at-09.18.07.png","width":753,"height":495},{"@type":"BreadcrumbList","@id":"https:\/\/sortzen.org\/guia-educativa-para-la-prevencion-de-la-violencia-de-genero-que-se-cuece-en-las-relaciones-entre-jovenes\/#breadcrumb","itemListElement":[{"@type":"ListItem","position":1,"name":"Home","item":"https:\/\/sortzen.org\/"},{"@type":"ListItem","position":2,"name":"Gu\u00eda educativa para la prevenci\u00f3n de la violencia de g\u00e9nero: \u00bfQu\u00e9 se cuece en las relaciones entre j\u00f3venes?"}]},{"@type":"WebSite","@id":"https:\/\/sortzen.org\/#website","url":"https:\/\/sortzen.org\/","name":"Sortzen","description":"Consultor\u00eda especializada en la prevenci\u00f3n y atenci\u00f3n de la violencia machista y los procesos de empoderamiento de las mujeres","potentialAction":[{"@type":"SearchAction","target":{"@type":"EntryPoint","urlTemplate":"https:\/\/sortzen.org\/?s={search_term_string}"},"query-input":{"@type":"PropertyValueSpecification","valueRequired":true,"valueName":"search_term_string"}}],"inLanguage":"eu"}]}},"_links":{"self":[{"href":"https:\/\/sortzen.org\/eu\/wp-json\/wp\/v2\/pages\/1232","targetHints":{"allow":["GET"]}}],"collection":[{"href":"https:\/\/sortzen.org\/eu\/wp-json\/wp\/v2\/pages"}],"about":[{"href":"https:\/\/sortzen.org\/eu\/wp-json\/wp\/v2\/types\/page"}],"author":[{"embeddable":true,"href":"https:\/\/sortzen.org\/eu\/wp-json\/wp\/v2\/users\/4"}],"replies":[{"embeddable":true,"href":"https:\/\/sortzen.org\/eu\/wp-json\/wp\/v2\/comments?post=1232"}],"version-history":[{"count":0,"href":"https:\/\/sortzen.org\/eu\/wp-json\/wp\/v2\/pages\/1232\/revisions"}],"wp:featuredmedia":[{"embeddable":true,"href":"https:\/\/sortzen.org\/eu\/wp-json\/wp\/v2\/media\/1505"}],"wp:attachment":[{"href":"https:\/\/sortzen.org\/eu\/wp-json\/wp\/v2\/media?parent=1232"}],"curies":[{"name":"wp","href":"https:\/\/api.w.org\/{rel}","templated":true}]}}

Guía educativa para la prevención de la violencia de género: ¿Qué se cuece en las relaciones entre jóvenes?

<p><span style="font-size: 18pt;">Tema: Prevención de la violencia de género.</span></p>
<p>&nbsp;</p>
<p><span style="font-size: 18pt;">Resumen: Material didáctico para el personal que trabaja en el ámbito de la educación formal y no formal de jóvenes, y en el ámbito de la prevención de la violencia de género. </span></p>
<p>&nbsp;</p>
<p><span style="font-size: 18pt;">Año: 2010. </span></p>
<p>&nbsp;</p>
<p>Existencia en formato CD. </p>
<p><a href="http://sortzen.org/eu/productos/CD-interactivo-sortzen.zip/">¿QUÉ SE CUECE EN LAS RELACIONES ENTRE JÓVENES?</a></p>
<p>&nbsp;</p>

<p>Tema: Prevención de la violencia de género. &nbsp; Resumen: Material didáctico para el personal que trabaja en el ámbito de la educación formal y no formal de jóvenes, y en el ámbito de la prevención de la violencia de género.  &nbsp; Año: 2010.  &nbsp; Existencia en formato CD.  ¿QUÉ SE CUECE EN LAS RELACIONES ENTRE JÓVENES? &nbsp;</p>

<!-- This site is optimized with the Yoast SEO plugin v27.5 - https://yoast.com/product/yoast-seo-wordpress/ -->
<title>Guía educativa para la prevención de la violencia de género: ¿Qué se cuece en las relaciones entre jóvenes? - Sortzen</title>
<meta name="robots" content="index, follow, max-snippet:-1, max-image-preview:large, max-video-preview:-1" />
<link rel="canonical" href="https://sortzen.org/eu/guia-educativa-para-la-prevencion-de-la-violencia-de-genero-que-se-cuece-en-las-relaciones-entre-jovenes/" />
<meta property="og:locale" content="en_US" />
<meta property="og:type" content="article" />
<meta property="og:title" content="Guía educativa para la prevención de la violencia de género: ¿Qué se cuece en las relaciones entre jóvenes? - Sortzen" />
<meta property="og:description" content="Tema: Prevención de la violencia de género. &nbsp; Resumen: Material didáctico para el personal que trabaja en el ámbito de la educación formal y no formal de jóvenes, y en el ámbito de la prevención de la violencia de género.  &nbsp; Año: 2010.  &nbsp; Existencia en formato CD.  ¿QUÉ SE CUECE EN LAS RELACIONES ENTRE JÓVENES? &nbsp;" />
<meta property="og:url" content="https://sortzen.org/eu/guia-educativa-para-la-prevencion-de-la-violencia-de-genero-que-se-cuece-en-las-relaciones-entre-jovenes/" />
<meta property="og:site_name" content="Sortzen" />
<meta property="article:modified_time" content="2018-10-18T11:09:41+00:00" />
<meta property="og:image" content="https://sortzen.org/wp-content/uploads/2018/10/Screen-Shot-2018-10-18-at-09.18.07.png" />
	<meta property="og:image:width" content="753" />
	<meta property="og:image:height" content="495" />
	<meta property="og:image:type" content="image/png" />
<script type="application/ld+json" class="yoast-schema-graph">{"@context":"https:\/\/schema.org","@graph":[{"@type":"WebPage","@id":"https:\/\/sortzen.org\/guia-educativa-para-la-prevencion-de-la-violencia-de-genero-que-se-cuece-en-las-relaciones-entre-jovenes\/","url":"https:\/\/sortzen.org\/guia-educativa-para-la-prevencion-de-la-violencia-de-genero-que-se-cuece-en-las-relaciones-entre-jovenes\/","name":"Guía educativa para la prevención de la violencia de género: ¿Qué se cuece en las relaciones entre jóvenes? - Sortzen","isPartOf":{"@id":"https:\/\/sortzen.org\/#website"},"primaryImageOfPage":{"@id":"https:\/\/sortzen.org\/guia-educativa-para-la-prevencion-de-la-violencia-de-genero-que-se-cuece-en-las-relaciones-entre-jovenes\/#primaryimage"},"image":{"@id":"https:\/\/sortzen.org\/guia-educativa-para-la-prevencion-de-la-violencia-de-genero-que-se-cuece-en-las-relaciones-entre-jovenes\/#primaryimage"},"thumbnailUrl":"https:\/\/sortzen.org\/wp-content\/uploads\/2018\/10\/Screen-Shot-2018-10-18-at-09.18.07.png","datePublished":"2018-10-05T10:14:19+00:00","dateModified":"2018-10-18T11:09:41+00:00","breadcrumb":{"@id":"https:\/\/sortzen.org\/guia-educativa-para-la-prevencion-de-la-violencia-de-genero-que-se-cuece-en-las-relaciones-entre-jovenes\/#breadcrumb"},"inLanguage":"eu","potentialAction":[{"@type":"ReadAction","target":["https:\/\/sortzen.org\/guia-educativa-para-la-prevencion-de-la-violencia-de-genero-que-se-cuece-en-las-relaciones-entre-jovenes\/"]}]},{"@type":"ImageObject","inLanguage":"eu","@id":"https:\/\/sortzen.org\/guia-educativa-para-la-prevencion-de-la-violencia-de-genero-que-se-cuece-en-las-relaciones-entre-jovenes\/#primaryimage","url":"https:\/\/sortzen.org\/wp-content\/uploads\/2018\/10\/Screen-Shot-2018-10-18-at-09.18.07.png","contentUrl":"https:\/\/sortzen.org\/wp-content\/uploads\/2018\/10\/Screen-Shot-2018-10-18-at-09.18.07.png","width":753,"height":495},{"@type":"BreadcrumbList","@id":"https:\/\/sortzen.org\/guia-educativa-para-la-prevencion-de-la-violencia-de-genero-que-se-cuece-en-las-relaciones-entre-jovenes\/#breadcrumb","itemListElement":[{"@type":"ListItem","position":1,"name":"Home","item":"https:\/\/sortzen.org\/"},{"@type":"ListItem","position":2,"name":"Guía educativa para la prevención de la violencia de género: ¿Qué se cuece en las relaciones entre jóvenes?"}]},{"@type":"WebSite","@id":"https:\/\/sortzen.org\/#website","url":"https:\/\/sortzen.org\/","name":"Sortzen","description":"Consultoría especializada en la prevención y atención de la violencia machista y los procesos de empoderamiento de las mujeres","potentialAction":[{"@type":"SearchAction","target":{"@type":"EntryPoint","urlTemplate":"https:\/\/sortzen.org\/?s={search_term_string}"},"query-input":{"@type":"PropertyValueSpecification","valueRequired":true,"valueName":"search_term_string"}}],"inLanguage":"eu"}]}</script>
<!-- / Yoast SEO plugin. -->

Guía educativa para la prevención de la violencia de género: ¿Qué se cuece en las relaciones entre jóvenes? - Sortzen

Tema: Prevención de la violencia de género. &nbsp; Resumen: Material didáctico para el personal que trabaja en el ámbito de la educación formal y no formal de jóvenes, y en el ámbito de la prevención de la violencia de género.  &nbsp; Año: 2010.  &nbsp; Existencia en formato CD.  ¿QUÉ SE CUECE EN LAS RELACIONES ENTRE JÓVENES? &nbsp;

Consultoría especializada en la prevención y atención de la violencia machista y los procesos de empoderamiento de las mujeres
